1. Let g be 3590/30 - (-3)/9. Let i = o - g. What is the highest common factor of i and 30?
6
Let s be (-40)/(-22) + -22 + 20 - 8230/(-11). What is the greatest common factor of s and 7667?
187
Let c = 258 - 202. Suppose -47*h = -c*h + 9216. What is the highest common factor of h and 16?
16
Let i(s) = s**3 + 8*s**2 + 4*s - 5. Let o be i(-6). Suppose 14*b - 55 = 1. Suppose 0 = b*z + 338 - 1198. Calculate the greatest common divisor of o and z.
43
Let n(z) = z**3 - 13*z**2 - 55*z + 585. Let t be n(14). What is the greatest common factor of 1023 and t?
11
Let k be (4/(-6)*-250)/(552/8280). Calculate the greatest common divisor of k and 25.
25
Let q(c) = -48*c - 108 + 14 - 18. Let o be q(-10). Calculate the highest common factor of o and 46.
46
Suppose -3*b = o + 2*b - 24, -3*o = 5*b - 22. Let n be o*1*((-12)/(-4) - 3). Suppose -170 = -n*h - 5*h. What is the greatest common factor of 85 and h?
17
Let k = 26 + -5. Let n = 6 + k. Suppose -6*f - 36 = -54. What is the greatest common divisor of n and f?
3
Suppose 17*b - 19*b + 98 = 0. Let j be ((-28)/b)/((-4)/14). Let z(a) = 2*a. Let y be z(7). Calculate the highest common factor of y and j.
2
Suppose -262*w + 245*w = -115056. What is the greatest common factor of w and 64?
16
Let a(m) = -m**2 + 14*m + 45. Suppose 122 = 5*h + 47. Let x be a(h). Calculate the highest common factor of 75 and x.
15
Suppose 4*d - 59 - 90 = 5*a, -5*a + 15 = 0. Suppose 0*v = v + z + 12, 2*v + 4*z + 24 = 0. Let t = d + v. Calculate the highest common divisor of 232 and t.
29
Let q = -17 + 21. Suppose 0 = -q*y + 8 + 8. Suppose -5 = -y*i + 15. Calculate the highest common divisor of i and 2.
1
Suppose 2682 - 442 = 5*q. Suppose -14*t + 357 = -86 + 51. What is the highest common divisor of q and t?
28
Suppose -2 + 11 = -3*k, -4*k + 40 = 2*o. Let y be (3 - 0)*o/39. Suppose 0 = -y*a + 11 + 15. Calculate the greatest common factor of 104 and a.
13
Let d(c) = -c**3 + 13*c**2 + 12*c - 35. Let h be d(14). Let j be (-210)/18*h/15. Calculate the highest common divisor of j and 7.
7
Let r = -600 - -605. Let h be 3/r - 123/(-30)*204. Calculate the greatest common factor of 54 and h.
27
Let k = -73115 - -73151. Let h be (-999)/(-12) - (-1)/(-4). Let r = h + -59. What is the highest common factor of r and k?
12
Let n = 15237 - 15213. What is the greatest common factor of n and 12072?
24
Suppose -21*f - 129552 = -641692 - 296465. What is the highest common factor of f and 51?
51
Let t(i) = -74*i - 5. Let z be (4/(-8))/(1/6). Let q be t(z). What is the greatest common factor of 31 and q?
31
Suppose 25*c + 235 = m + 22*c, 4*m - 5*c - 947 = 0. What is the highest common factor of m and 2576?
14
Suppose 0 = -2*y - 0*y - 4. Let g be (2 - 1)/(y/(-16)). Let n(f) = -729*f + 129790. Let h be n(178). What is the highest common divisor of g and h?
4
Let v be 4/((15/6)/5). Suppose -2*u + 2*t - 42 = -4*u, 133 = 5*u - 2*t. Suppose 0 = 24*s - u*s + 72. Calculate the greatest common factor of v and s.
8
Suppose 5*s - 4*c = 291, s - 62 = 5*c - 8. Suppose 53*y + 198 = s*y. What is the greatest common factor of y and 132?
33
Let z be 5238 - 86 - (-1 - 1*(1 + -2)). Calculate the highest common factor of 896 and z.
224
Suppose 2*t + 2*p - 46 = 0, -5*t - 6*p = -4*p - 100. Let s(c) = 569*c + 279. Let n be s(0). What is the greatest common divisor of t and n?
9
Suppose -36*b + 563 + 913 + 108 = 0. What is the greatest common divisor of b and 12474?
22
Let i be 7 - (30/(-5) - -12) - -1. Let g be 672/(-112) + 100/i. What is the greatest common factor of 11 and g?
11
Let x be 7893/(-3508)*(1 - 767/3). Calculate the highest common divisor of 3 and x.
3
Let f(v) = -17*v + 1144. Let m be f(0). Calculate the greatest common divisor of 176 and m.
88
Suppose -9*a = -4*a - 0*a - 5610. Calculate the highest common divisor of 396 and a.
66
Let m = -330 + 495. Suppose 35*r - 620 + m = 0. What is the highest common factor of 1391 and r?
13
Let h = -2263 - -2352. Calculate the highest common factor of h and 979.
89
Suppose 3*g - 2*g - 5 = -3*r, 5*r - 5*g - 35 = 0. Let d be 14127/255 + 1/5*8. Calculate the greatest common factor of d and r.
3
Let n(g) = 62*g**2 + 2*g + 2. Let p = -105 + 107. Suppose -5*w = -5*m + 25, p*m + w = -2 - 0. Let k be n(m). What is the greatest common divisor of k and 165?
33
Suppose -552 = -5*r + 4*g, -2*g = 4*r + 3*g - 458. Let h be -3 - (-1 - (2 - -2)). Suppose -9 = -h*z + 23. What is the highest common divisor of z and r?
16
Let v be 17 - (-2 + -4 + (-24)/(-8)). Let d be 2800/36 - (2 - v/9). Suppose 4*y - 135 - 21 = 0. What is the highest common divisor of y and d?
39
Suppose -4*p + 5*i + 3044 = 3*i, 1510 = 2*p + 5*i. Calculate the greatest common factor of p and 5510.
190
Let w = 9484 + -8826. Calculate the greatest common factor of w and 2726.
94
Let s be (-27)/6*4/(-6). Suppose 0 = 21*v - 24*v + 210. Let a = v + -67. What is the highest common divisor of a and s?
3
Let k(r) = -3*r**3 + 4*r + 5. Let v be k(-1). Let d be v/(-24)*-27*2. Calculate the greatest common divisor of 21 and d.
3
Let s(r) = -5*r**3 + 11*r**2 - 5*r - 5. Let f be s(5). Let l = f - -425. What is the greatest common divisor of 72 and l?
9
Suppose 0 = -4*u - 146 + 202. Suppose -5*t + t = 0. Suppose -2*i = -t*i - 84. What is the highest common divisor of u and i?
14
Suppose -5*i + 75 = -4*i. Suppose -5*l + 61 = -3*t, 3*t - t - 5*l + 34 = 0. Let m = 77 + t. What is the highest common divisor of m and i?
25
Let a(r) = r**3 + 4*r**2 + 8*r + 3. Let o be a(-6). Let c(j) = 40*j + 71. Let p be c(-6). Let y = o - p. What is the greatest common divisor of 39 and y?
13
Let z = 2337 - 2311. Let k be (195/(-20))/((-3)/56). Calculate the highest common factor of k and z.
26
Suppose -3*m = 2*l - 1489, 2*m - 1486 = 33*l - 35*l. Suppose -580 = -12*v + l. Calculate the highest common divisor of v and 40.
10
Let h be 4 - (-252 - (-2 + -2)). Let y(s) = 41*s - 465. Let t be y(12). What is the highest common factor of h and t?
9
Let k(b) = 4*b**2 - 25*b + 14. Let a be k(15). Calculate the greatest common divisor of 77 and a.
77
Suppose 0 = 45*u - 37*u. Let x be 160 - (-2)/4*u/(-11). Calculate the greatest common factor of 240 and x.
80
Let w(s) = 6*s**3 + 8*s**2 - s - 17. Let k be w(-5). Let y = k + 580. Calculate the highest common divisor of y and 234.
18
Suppose -10*v = 31*v - v - 6160. What is the highest common divisor of v and 374?
22
Let z = -782 + 1421. Suppose 9*u = 5*d + 13*u - 642, 5*d + 3*u = z. Let n = 18 + -4. What is the highest common factor of d and n?
14
Suppose -486*j = -513*j + 37989. Calculate the highest common divisor of j and 3015.
201
Suppose -g = -2*f + 5*f - 120, 0 = -g + 5*f + 112. Let u = -5003 - -5042. What is the highest common factor of g and u?
39
Suppose 12*a - 45 = 7*a - 5*s, 0 = 3*a - s - 39. Suppose -i + a*i = 550. What is the highest common divisor of i and 10?
10
Let f(k) = -5*k + 9*k + 7*k + 2*k**2 + 14. Suppose -2*n - 7 = 1. Let z be f(n). Calculate the greatest common divisor of 10 and z.
2
Let b(r) = r**3 - 16*r**2 + 63*r + 3. Let p be b(7). Let o = p - -13. Calculate the highest common divisor of o and 6.
2
Suppose 4*j - 4 = 5*k - k, 25 = -5*k. Let x be (-314)/(-4) - 6/j. Let g(r) = -r + 3. Let l be g(-13). What is the greatest common divisor of x and l?
16
Let b be 5/((-10)/6) - -6. Suppose -b*p + 305 + 685 = 0. Suppose -3*k + 394 = 5*u, 0 = -4*u + 2*k + 3*k + p. What is the greatest common factor of 20 and u?
20
Suppose -14 = -4*r + 2, 4*r - 24 = 2*x. Let d be (x/(-14))/(8/56). Let u be 12/(d + 2)*416/6. What is the highest common factor of u and 26?
26
Suppose 4*c - c - 6 = 0. Let u be -4 + c + 3 + 167. Let a be (-19 - 2)*(15/90)/(5/(-30)). Calculate the highest common divisor of u and a.
21
Let b(u) = 115*u - 2409. Let g be b(33). What is the highest common factor of 3366 and g?
198
Let u = 34 - 50. Let c = u - -18. Suppose 3*g + 2 = -1, g = c*m - 37. What is the highest common divisor of 2 and m?
2
Suppose 93 = 3*j - 96. Suppose -5*f = j + 247. Let r = -32 - f. Calculate the greatest common divisor of 150 and r.
30
Let l = -3479 - -3543. Suppose -f + 41 = 5*t, -3*t + 4*f + 12 = -t. What is the highest common divisor of t and l?
8
Suppose -481*r + 68694 = -7555 - 16103. Suppose 5*p = 25, -3*u = 2*u - 3*p - 705. What is the greatest common divisor of 